{"id":31,"date":"2017-11-07T17:27:58","date_gmt":"2017-11-07T17:27:58","guid":{"rendered":"http:\/\/rcszo.ch\/wordpress\/?page_id=31"},"modified":"2019-01-04T09:43:37","modified_gmt":"2019-01-04T09:43:37","slug":"impressum","status":"publish","type":"page","link":"http:\/\/rcszo.ch\/wordpress\/impressum\/","title":{"rendered":"Impressum"},"content":{"rendered":"<p>Diese Website wird von RC Sailing Z\u00fcrich- &amp; Obersee (RCSZO) betrieben.<\/p>\n<p>Der RCSZO freut sich \u00fcber Deinen Besuch auf unserer Website. Anregungen und Verbesserungsvorschl\u00e4ge sind uns jederzeit willkommen und helfen mit, die Website benutzerfreundlich zu gestalten.<\/p>\n<p>F\u00fcr diese Website ist verantwortlich:<br \/>\n<strong>Oli Spiess, CH-8645 Jona<\/strong><\/p>\n<p>F\u00fcr den Inhalt von verlinkten Seiten \u00fcbernehmen wir keine Verantwortung. Der Inhalt solcher Seiten ist im Verantwortungsbereich des jeweiligen Erstellers und dokumentiert nicht die Meinung der verantwortlichen dieser Seite. Wir lehnen jede Haftung ab, die dadurch entstehen k\u00f6nnte.<\/p>\n<p>Bist Du der Meinung, auf einer der Seiten gesetzeswidrige oder gegen Sitte und Anstand verstossenden Inhalt gefunden zu haben bitten wir Dich, uns dies auf die folgende Adresse zu melden: <a href=\"mailto:info@rcszo.ch\">info@rcszo.ch<\/a>, wir werden den Inhalt der Seite pr\u00fcfen und gegebenenfalls den Link entfernen.<\/p>\n<p>Wir danken f\u00fcr Deine Mitarbeit. Du hilfst uns, die Website \u201esauber\u201c zu halten.<\/p>\n","protected":false},"excerpt":{"rendered":"<p>Diese Website wird von RC Sailing Z\u00fcrich- &amp; Obersee (RCSZO) betrieben. Der RCSZO freut sich \u00fcber Deinen Besuch auf unserer Website. Anregungen und Verbesserungsvorschl\u00e4ge sind uns jederzeit willkommen und helfen mit, die Website benutzerfreundlich zu\u2026 <a class=\"continue-reading-link\" href=\"http:\/\/rcszo.ch\/wordpress\/impressum\/\">mehr &gt;&gt;<\/a><\/p>\n","protected":false},"author":2,"featured_media":0,"parent":0,"menu_order":0,"comment_status":"closed","ping_status":"closed","template":"","meta":{"ngg_post_thumbnail":0,"footnotes":""},"class_list":["post-31","page","type-page","status-publish","hentry"],"_links":{"self":[{"href":"http:\/\/rcszo.ch\/wordpress\/wp-json\/wp\/v2\/pages\/31","targetHints":{"allow":["GET"]}}],"collection":[{"href":"http:\/\/rcszo.ch\/wordpress\/wp-json\/wp\/v2\/pages"}],"about":[{"href":"http:\/\/rcszo.ch\/wordpress\/wp-json\/wp\/v2\/types\/page"}],"author":[{"embeddable":true,"href":"http:\/\/rcszo.ch\/wordpress\/wp-json\/wp\/v2\/users\/2"}],"replies":[{"embeddable":true,"href":"http:\/\/rcszo.ch\/wordpress\/wp-json\/wp\/v2\/comments?post=31"}],"version-history":[{"count":5,"href":"http:\/\/rcszo.ch\/wordpress\/wp-json\/wp\/v2\/pages\/31\/revisions"}],"predecessor-version":[{"id":1513,"href":"http:\/\/rcszo.ch\/wordpress\/wp-json\/wp\/v2\/pages\/31\/revisions\/1513"}],"wp:attachment":[{"href":"http:\/\/rcszo.ch\/wordpress\/wp-json\/wp\/v2\/media?parent=31"}],"curies":[{"name":"wp","href":"https:\/\/api.w.org\/{rel}","templated":true}]}}