{"id":1073,"date":"2018-08-27T14:56:05","date_gmt":"2018-08-27T14:56:05","guid":{"rendered":"http:\/\/rcszo.ch\/wordpress\/?page_id=1073"},"modified":"2025-12-14T19:16:52","modified_gmt":"2025-12-14T19:16:52","slug":"dragonforce-65-cup","status":"publish","type":"page","link":"http:\/\/rcszo.ch\/wordpress\/dragonforce-65-cup\/","title":{"rendered":"DF\/IOM Trainings"},"content":{"rendered":"<div class=\"wp-block-image\">\n<figure class=\"alignright size-medium\"><img loading=\"lazy\" decoding=\"async\" width=\"300\" height=\"225\" src=\"http:\/\/rcszo.ch\/wordpress\/wp-content\/uploads\/2022\/11\/DSCN6882-300x225.jpg\" alt=\"\" class=\"wp-image-4880\" srcset=\"http:\/\/rcszo.ch\/wordpress\/wp-content\/uploads\/2022\/11\/DSCN6882-300x225.jpg 300w, http:\/\/rcszo.ch\/wordpress\/wp-content\/uploads\/2022\/11\/DSCN6882-1024x768.jpg 1024w, http:\/\/rcszo.ch\/wordpress\/wp-content\/uploads\/2022\/11\/DSCN6882-768x576.jpg 768w, http:\/\/rcszo.ch\/wordpress\/wp-content\/uploads\/2022\/11\/DSCN6882-466x350.jpg 466w, http:\/\/rcszo.ch\/wordpress\/wp-content\/uploads\/2022\/11\/DSCN6882-150x113.jpg 150w, http:\/\/rcszo.ch\/wordpress\/wp-content\/uploads\/2022\/11\/DSCN6882-600x450.jpg 600w, http:\/\/rcszo.ch\/wordpress\/wp-content\/uploads\/2022\/11\/DSCN6882.jpg 1282w\" sizes=\"auto, (max-width: 300px) 100vw, 300px\" \/><\/figure>\n<\/div>\n\n<p>Die Klasse <strong>DF95 &amp; IOM<\/strong> hat zunehmende Verbreitung in der Schweiz. Das Regattieren mit diesem Modellboot offenbart die F\u00e4higkeiten eines jeden (Finger-)Seglers. Spass und Herausforderung zugleich!<br>Gilt es zu beachten, die DF95 bereits f\u00fcr 400.- erh\u00e4ltlich ist und das es ein ideales Einsteigerboote mit top Segeleigenschaften ist.<\/p>\n<p>Der <span style=\"color: #ff0000;\"><em><strong>RCSZO<\/strong><\/em><\/span> l\u00e4dt zu <strong>DF\/IOM Trainings-Regatta<\/strong> an den See. Zum Mitmachen sind Segler der Bootsklassen DragonFlite 95 und IOM herzlich eingeladen. Ideal f\u00fcr Anf\u00e4nger um die erste Trainings-Regatta zu fahren. Es werden pro Jahr mehrere DF\/IOM Trainings abgehalten. <strong><br><\/strong><\/p>\n\n\n<p><a href=\"http:\/\/www.rcszo.ch\/wordpress\/events\/categories\/df-iom_trainings\">http:\/\/www.rcszo.ch\/wordpress\/events\/categories\/df-iom_trainings<\/a><\/p>\n","protected":false},"excerpt":{"rendered":"<p>Die Klasse DF95 &amp; IOM hat zunehmende Verbreitung in der Schweiz. Das Regattieren mit diesem Modellboot offenbart die F\u00e4higkeiten eines jeden (Finger-)Seglers. Spass und Herausforderung zugleich!Gilt es zu beachten, die DF95 bereits f\u00fcr 400.- erh\u00e4ltlich\u2026 <a class=\"continue-reading-link\" href=\"http:\/\/rcszo.ch\/wordpress\/dragonforce-65-cup\/\">mehr &gt;&gt;<\/a><\/p>\n","protected":false},"author":2,"featured_media":0,"parent":0,"menu_order":0,"comment_status":"closed","ping_status":"closed","template":"","meta":{"ngg_post_thumbnail":0,"footnotes":""},"class_list":["post-1073","page","type-page","status-publish","hentry"],"_links":{"self":[{"href":"http:\/\/rcszo.ch\/wordpress\/wp-json\/wp\/v2\/pages\/1073","targetHints":{"allow":["GET"]}}],"collection":[{"href":"http:\/\/rcszo.ch\/wordpress\/wp-json\/wp\/v2\/pages"}],"about":[{"href":"http:\/\/rcszo.ch\/wordpress\/wp-json\/wp\/v2\/types\/page"}],"author":[{"embeddable":true,"href":"http:\/\/rcszo.ch\/wordpress\/wp-json\/wp\/v2\/users\/2"}],"replies":[{"embeddable":true,"href":"http:\/\/rcszo.ch\/wordpress\/wp-json\/wp\/v2\/comments?post=1073"}],"version-history":[{"count":71,"href":"http:\/\/rcszo.ch\/wordpress\/wp-json\/wp\/v2\/pages\/1073\/revisions"}],"predecessor-version":[{"id":6339,"href":"http:\/\/rcszo.ch\/wordpress\/wp-json\/wp\/v2\/pages\/1073\/revisions\/6339"}],"wp:attachment":[{"href":"http:\/\/rcszo.ch\/wordpress\/wp-json\/wp\/v2\/media?parent=1073"}],"curies":[{"name":"wp","href":"https:\/\/api.w.org\/{rel}","templated":true}]}}